= -677*g + 17026. Calculate l(25).
101
Let j(y) = 120*y + 4298. Give j(-42).
-742
Let p(q) = q**3 - 28*q**2 + 11941*q - 47397. Give p(4).
-17
Let h(y) = 12*y**2 + 471*y - 69096. Calculate h(-98).
-6
Let k(f) = 23*f**2 - 403*f + 3940. Calculate k(10).
2210
Let s(k) = k**2 + 125*k - 4856. Give s(-151).
-930
Let d(h) = -73*h + 4657. Calculate d(59).
350
Let c(u) = 2*u**3 - 2*u**2 + 26*u + 6. Calculate c(-4).
-258
Let z(k) = -3*k**3 - 95*k**2 - 730*k - 639. What is z(-20)?
-39
Let u(l) = -134*l + 15259. Determine u(114).
-17
Let t(u) = 7*u**2 + 361*u + 1764. What is t(-6)?
-150
Let n(p) = 6*p**2 + 117*p - 1858. Determine n(-29).
-205
Let p(r) = -66*r**2 - 186*r + 697. Calculate p(-5).
-23
Let q(l) = -330*l - 77849. Calculate q(-236).
31
Let c(a) = -a**2 + 129*a - 615. Calculate c(114).
1095
Let a(g) = 4*g**2 + 4531*g + 598791. What is a(-980)?
11
Let n(r) = -719*r + 22741. What is n(30)?
1171
Let f(q) = -18*q**2 - 10635*q - 42537. Give f(-4).
-285
Let m(r) = -28*r**2 + 1430*r - 9666. Calculate m(8).
-18
Let j(r) = -r**3 + 49*r**2 + 4665*r + 429. Give j(-48).
-3
Let s(x) = 34*x**2 + 327*x + 1221. Calculate s(-4).
457
Let u(n) = 73*n**2 + 2272*n + 276. Calculate u(-31).
-3
Let f(w) = 450*w**2 + 28*w - 9. What is f(2)?
1847
Let j(b) = 8771*b - 1140230. Determine j(130).
0
Let d(q) = 36028*q + 1441120. Give d(-40).
0
Let d(c) = 709*c + 101715. Calculate d(-141).
1746
Let j(k) = k**2 + 811*k + 33752. What is j(-44)?
4
Let y(l) = 2*l**2 + 3425*l + 1236824. Give y(-1195).
-1
Let l(i) = -89682*i + 1614429. Calculate l(18).
153
Let u(j) = -44303*j + 8196057. Give u(185).
2
Let u(z) = -z**3 + 83*z**2 + 373*z - 38018. Give u(82).
-708
Let q(k) = 6*k**2 - 1396*k + 79958. Give q(102).
-10
Let f(h) = 320*h + 8648. Give f(-27).
8
Let f(l) = 2223*l + 12848. Give f(-6).
-490
Let c(g) = -8*g**3 - 1786*g**2 - 437*g + 2000. Determine c(-223).
-7
Let m(j) = -561*j - 15567. What is m(-28)?
141
Let l(v) = -3*v**3 + 146*v**2 + 175*v + 1256. Determine l(50).
6
Let h(r) = -1258*r - 5360. Calculate h(-4).
-328
Let m(q) = 40*q**2 + 315*q + 1924. Calculate m(-8).
1964
Let o(n) = -n**3 + 11*n**2 - 79*n + 1036. Calculate o(13).
-329
Let s(c) = -68*c**2 - 1936*c - 31. Determine s(-29).
-1075
Let u(o) = 20*o**2 - 101*o - 1249. What is u(12)?
419
Let u(q) = -3*q**2 + 90*q + 932. Give u(-10).
-268
Let j(f) = -90*f**2 + 607*f - 422. Give j(6).
-20
Let t(h) = 258805*h + 1294077. Give t(-5).
52
Let p(f) = f**3 + 3*f**2 - 58*f - 63. Give p(6).
-87
Let b(m) = -2*m**3 - 172*m**2 - 10*m - 60. Determine b(0).
-60
Let w(z) = 24*z**3 + 42*z**2 + 35*z - 3. Give w(-1).
-20
Let v(m) = 11*m**3 - 49*m**2 - 332*m - 332. What is v(-6)?
-2480
Let i(a) = 2*a**2 - 769*a - 144727. Give i(523).
144
Let a(u) = -467758*u + 935524. What is a(2)?
8
Let v(i) = -i**3 - 525*i**2 - 461*i + 33034. What is v(-524)?
22
Let n(r) = 19765*r + 99199. Calculate n(-5).
374
Let y(z) = -z**2 - 403*z + 39599. Give y(82).
-171
Let l(b) = -726*b**2 + 151000*b + 1665. What is l(208)?
1
Let z(t) = -101*t**2 + 217*t + 442. What is z(-2)?
-396
Let a(j) = -j**2 - 665*j - 91916. What is a(-469)?
8
Let i(p) = -183981*p - 919892. Give i(-5).
13
Let m(r) = -r**3 + 303*r**2 - 4625*r + 9476. Calculate m(287).
5
Let k(p) = -35*p**3 + 281*p**2 - 23*p + 130. Determine k(8).
10
Let y(v) = 693*v**2 + 3840*v - 1918. Determine y(-6).
-10
Let i(g) = -51*g**3 + 2558*g**2 - 496*g + 4803. Calculate i(50).
3
Let y(k) = -3*k**2 - 26821*k + 134131. Determine y(5).
-49
Let z(g) = 39552*g - 4390274. What is z(111)?
-2
Let s(i) = 11*i**2 - 827*i - 5235. Give s(81).
-51
Let u(x) = -x**3 + 139*x**2 - 211*x - 8663. What is u(137)?
-32
Let j(q) = 3*q**2 + 70*q - 245550. Determine j(-298).
2
Let p(a) = -1732*a - 1753. Determine p(-2).
1711
Let i(x) = -x**2 + 1361760*x + 10894131. Give i(-8).
-13
Let m(l) = -l**3 - 48*l**2 - 147*l + 1387. Calculate m(-44).
111
Let c(b) = -25*b**2 + 893*b - 29. Determine c(36).
-281
Let t(f) = 19129*f - 38223. Determine t(2).
35
Let o(w) = 221*w + 943. Calculate o(-8).
-825
Let a(u) = -1578*u + 53729. Determine a(34).
77
Let s(n) = 4*n**2 - 119*n + 170. Determine s(17).
-697
Let z(o) = o**3 + 1173*o**2 + 104351*o - 22579. Calculate z(-1076).
17
Let f(w) = -5*w**2 + 320*w + 24. Determine f(67).
-981
Let m(u) = 74766*u - 74816. What is m(1)?
-50
Let a(n) = n**2 - 17890*n - 47. Calculate a(0).
-47
Let v(a) = -2*a**3 - 5*a**2 - 58*a - 86. Determine v(-8).
1082
Let i(q) = -5*q**3 + 14*q**2 + 26*q - 161. Give i(-7).
2058
Let w(x) = 37324*x - 186615. Determine w(5).
5
Let n(y) = -24866*y + 2660676. What is n(107)?
14
Let a(r) = -18*r**2 + 1036*r + 175. What is a(58)?
-289
Let j(f) = 17*f**3 - 99*f**2 + 602*f - 3714. Calculate j(6).
6
Let d(t) = -t**3 + 33*t**2 + 169*t - 1485. Calculate d(36).
711
Let h(b) = -b**2 + 146*b - 3088. What is h(26)?
32
Let k(m) = -5838*m + 1009975. Give k(173).
1
Let p(l) = 2*l**2 + 709*l - 99981. Give p(108).
-81
Let g(d) = 4*d**2 - 79*d - 227. Determine g(-3).
46
Let l(x) = -x**3 - 21*x**2 + 745*x - 178. What is l(-40)?
422
Let x(t) = -3*t**2 + 88*t + 5167. What is x(73)?
-4396
Let d(s) = 19*s + 1268. What is d(20)?
1648
Let v(u) = u**3 - 703*u**2 - 48217*u + 2566. Calculate v(-63).
-17
Let m(q) = -21*q**3 + 272*q**2 + 12*q + 145. Calculate m(13).
132
Let q(t) = 1330*t - 207479. Calculate q(156).
1
Let j(n) = -n**3 - 78*n**2 - 513*n - 480. Calculate j(-6).
6
Let n(g) = g**3 + 4*g**2 - 710*g + 4218. Calculate n(6).
318
Let k(l) = 48542*l - 194247. Calculate k(4).
-79
Let c(y) = -213*y**2 + 118646*y - 2816. What is c(557)?
-31
Let d(i) = -54*i + 10718. Determine d(199).
-28
Let w(y) = y**3 + 41*y**2 + 146*y - 219. Calculate w(-5).
-49
Let t(x) = -3191*x + 1222141. Determine t(383).
-12
Let q(p) = 10803*p + 280861. What is q(-26)?
-17
Let g(y) = 1181372*y + 1181357. What is g(-1)?
-15
Let z(h) = -h**3 + 612*h**2 + 50101*h + 7004. Give z(-73).
-4
Let m(a) = 7*a**3 - 4*a**2 - 291*a - 1108. Determine m(-4).
-456
Let w(h) = h**3 - 114*h**2 + 1976*h - 8063. Calculate w(14).
1
Let c(v) = -5*v**3 - 495*v**2 - 2*v - 95. Determine c(-99).
103
Let b(g) = g**3 - 76*g**2 + 361*g - 410. Calculate b(71).
16
Let u(z) = z**2 + 290*z + 8633. Determine u(-32).
377
Let r(q) = 1100*q - 89136. Determine r(81).
-36
Let t(d) = -57*d**3 - 234*d**2 + d - 29. Calculate t(-4).
-129
Let b(a) = 563*a + 37120. Calculate b(-66).
-38
Let c(w) = -w**3 - 54*w**2 - 69*w - 23. Give c(-49).
-8647
Let d(n) = -89*n + 195. Determine d(2).
17
Let s(q) = -336*q**3 + q**2 - 64*q + 62. What is s(1)?
-337
Let z(i) = -2736*i**2 + 27363*i - 15. Determine z(10).
15
Let c(l) = l**2 - 91*l + 1303. What is c(77)?
225
Let u(h) = 1649941*h - 21449231. Calculate u(13).
2
Let k(j) = -176*j**3 - 7*j**2 - 48*j - 93. What is k(-3)?
4740
Let n(u) = 16*u**2 - 3802*u + 13634. Give n(234).
62
Let z(l) = 151*l**3 - 5*l**2 + 2*l + 9. Determine z(-2).
-1223
Let f(n) = 1502033*n + 6008132. Determine f(-4).
0
Let m(l) = -8*l**3 - 293*l**2 + 111*l - 42. Determine m(-37).
-42
Let o(c) = 5*c**3 - 40*c**2 - 113*c + 100. What is o(10)?
-30
Let p(u) = -4*u**3 - 49*u**2 + 93*u + 41. Calculate p(-14).
111
Let b(i) = 57*i**3 + 4*i**2 + 44*i - 49. Give b(1).
56
Let j(l) = -l**3 - 539*l**2 + 20095*l + 2703. Determine j(-574).
-167
Let h(p) = -p**2 + 99*p - 2129. What is h(32)?
15
Let y(s) = -256*s**3 + 4*s**2 + s - 6. What is y(-1)?
253
Let f(a) = -a**3 - a**2 + 390*a - 280. Determine f(0).
-280
Let x(d) = -63*d**2 - 1120*d + 23110. Calculate x(-30).
10
Let a(q) = -29*q**3 - 17*q**2 - 18*q - 4. Give a(-2).
196
Let k(s) = -359537*s - 2876299. Calculate k(-8).
-3
Let h(w) = w**3 + 75*w**2 + 521*w - 356. What is h(-67)?
649
Let m(h) = -h**3 - 216*h**2 - 147*h + 14597. Determine m(-215).
-23
Let h(y) = y**3 + 114*y**2 + 234*y - 2370. What is h(-112)?
-3490
Let r(w) = -w**2 - 5622*w + 237850. Determine r(42).
-38
Let g(n) = 3*n**2 + 1695*n - 361402. Give g(-730).
-52
Let d(n) = -2083*n - 14571. Calculate d(-7).
10
Let o(k) = k**3 - 27*k**2 + 576*k - 13167. Calculate o(25).
-17
Let q(k) = 22*k**3 + 130*k**2 - 154*k - 842. Give q(-6).
10
Let g(p) = -p**3 - 72*p**2 - 1202*p - 270. What is g(-46)?
6
Let w(o) = -20*o**2 + 626*o - 4460. Determine w(11).
6
Let l(v) = 2526*v + 35384. What is l(-14)?
20
Let l(k) = -6862*k + 48075. Calculate l(7).
41
Let x(v) = 3*v**2 + 475*v - 89359. Determi